{"id":2472,"date":"2018-06-21T14:30:12","date_gmt":"2018-06-21T12:30:12","guid":{"rendered":"https:\/\/help.phase-6.de\/?post_type=ht_kb&#038;p=2472"},"modified":"2023-01-09T06:41:11","modified_gmt":"2023-01-09T05:41:11","slug":"recht-auf-einschraenkung-der-verarbeitung","status":"publish","type":"ht_kb","link":"https:\/\/www.phase-6.de\/help\/knowledge-base\/recht-auf-einschraenkung-der-verarbeitung\/","title":{"rendered":"Recht auf Einschr\u00e4nkung der Verarbeitung"},"content":{"rendered":"\n<h2 class=\"wp-block-heading\">Recht auf Einschr\u00e4nkung der Verarbeitung<\/h2>\n\n\n\n<p>Du hast das Recht, deine personenbezogenen Daten sperren zu lassen und damit die Nutzung einzuschr\u00e4nken.<br>\nBitte beachte, dass danach weder ein Login, noch eine Nutzung der Apps m\u00f6glich ist.<br>\nWenn du dies in Anspruch nehmen m\u00f6chtest, verwende bitte das nachfolgende <a href=\"https:\/\/www.phase-6.de\/classic\/datenschutz\/recht-auf-einschrankung-der-verarbeitung\/\">Formular<\/a>.<\/p>\n","protected":false},"excerpt":{"rendered":"<p>Recht auf Einschr\u00e4nkung der Verarbeitung Du hast das Recht, deine personenbezogenen Daten sperren zu lassen und damit die Nutzung einzuschr\u00e4nken. Bitte beachte, dass danach weder ein Login, noch eine Nutzung der Apps m\u00f6glich ist. Wenn du dies in Anspruch nehmen m\u00f6chtest, verwende bitte das nachfolgende Formular.<\/p>\n","protected":false},"author":1,"comment_status":"closed","ping_status":"closed","template":"","format":"standard","meta":{"_yoast_wpseo_focuskw":"","_yoast_wpseo_title":"","_yoast_wpseo_metadesc":"","_yoast_wpseo_canonical":"","_yoast_wpseo_opengraph-title":"","_yoast_wpseo_opengraph-description":"","footnotes":""},"ht-kb-category":[],"ht-kb-tag":[190,143],"class_list":["post-2472","ht_kb","type-ht_kb","status-publish","format-standard","hentry","ht_kb_tag-einschraenkung","ht_kb_tag-support"],"yoast_head":"<!-- This site is optimized with the Yoast SEO plugin v26.9 - https:\/\/yoast.com\/product\/yoast-seo-wordpress\/ -->\n<title>phase6 Help Center<\/title>\n<meta name=\"robots\" content=\"index, follow, max-snippet:-1, max-image-preview:large, max-video-preview:-1\" \/>\n<link rel=\"canonical\" href=\"https:\/\/www.phase-6.de\/help\/knowledge-base\/recht-auf-einschraenkung-der-verarbeitung\/\" \/>\n<meta property=\"og:locale\" content=\"de_DE\" \/>\n<meta property=\"og:type\" content=\"article\" \/>\n<meta property=\"og:title\" content=\"phase6 Help Center\" \/>\n<meta property=\"og:description\" content=\"Recht auf Einschr\u00e4nkung der Verarbeitung Du hast das Recht, deine personenbezogenen Daten sperren zu lassen und damit die Nutzung einzuschr\u00e4nken. Bitte beachte, dass danach weder ein Login, noch eine Nutzung der Apps m\u00f6glich ist. Wenn du dies in Anspruch nehmen m\u00f6chtest, verwende bitte das nachfolgende Formular.\" \/>\n<meta property=\"og:url\" content=\"https:\/\/www.phase-6.de\/help\/knowledge-base\/recht-auf-einschraenkung-der-verarbeitung\/\" \/>\n<meta property=\"og:site_name\" content=\"phase6 Help Center\" \/>\n<meta property=\"article:publisher\" content=\"https:\/\/www.facebook.com\/phase6.de\/\" \/>\n<meta property=\"article:modified_time\" content=\"2023-01-09T05:41:11+00:00\" \/>\n<meta name=\"twitter:card\" content=\"summary_large_image\" \/>\n<meta name=\"twitter:label1\" content=\"Gesch\u00e4tzte Lesezeit\" \/>\n\t<meta name=\"twitter:data1\" content=\"1\u00a0Minute\" \/>\n<script type=\"application\/ld+json\" class=\"yoast-schema-graph\">{\"@context\":\"https:\/\/schema.org\",\"@graph\":[{\"@type\":\"WebPage\",\"@id\":\"https:\/\/www.phase-6.de\/help\/knowledge-base\/recht-auf-einschraenkung-der-verarbeitung\/\",\"url\":\"https:\/\/www.phase-6.de\/help\/knowledge-base\/recht-auf-einschraenkung-der-verarbeitung\/\",\"name\":\"phase6 Help Center\",\"isPartOf\":{\"@id\":\"https:\/\/www.phase-6.de\/help\/#website\"},\"datePublished\":\"2018-06-21T12:30:12+00:00\",\"dateModified\":\"2023-01-09T05:41:11+00:00\",\"breadcrumb\":{\"@id\":\"https:\/\/www.phase-6.de\/help\/knowledge-base\/recht-auf-einschraenkung-der-verarbeitung\/#breadcrumb\"},\"inLanguage\":\"de\",\"potentialAction\":[{\"@type\":\"ReadAction\",\"target\":[\"https:\/\/www.phase-6.de\/help\/knowledge-base\/recht-auf-einschraenkung-der-verarbeitung\/\"]}]},{\"@type\":\"BreadcrumbList\",\"@id\":\"https:\/\/www.phase-6.de\/help\/knowledge-base\/recht-auf-einschraenkung-der-verarbeitung\/#breadcrumb\",\"itemListElement\":[{\"@type\":\"ListItem\",\"position\":1,\"name\":\"Home\",\"item\":\"https:\/\/www.phase-6.de\/help\/\"},{\"@type\":\"ListItem\",\"position\":2,\"name\":\"Recht auf Einschr\u00e4nkung der Verarbeitung\"}]},{\"@type\":\"WebSite\",\"@id\":\"https:\/\/www.phase-6.de\/help\/#website\",\"url\":\"https:\/\/www.phase-6.de\/help\/\",\"name\":\"phase6 Help Center\",\"description\":\"Help\",\"publisher\":{\"@id\":\"https:\/\/www.phase-6.de\/help\/#organization\"},\"potentialAction\":[{\"@type\":\"SearchAction\",\"target\":{\"@type\":\"EntryPoint\",\"urlTemplate\":\"https:\/\/www.phase-6.de\/help\/?s={search_term_string}\"},\"query-input\":{\"@type\":\"PropertyValueSpecification\",\"valueRequired\":true,\"valueName\":\"search_term_string\"}}],\"inLanguage\":\"de\"},{\"@type\":\"Organization\",\"@id\":\"https:\/\/www.phase-6.de\/help\/#organization\",\"name\":\"phase-6 GmbH\",\"url\":\"https:\/\/www.phase-6.de\/help\/\",\"logo\":{\"@type\":\"ImageObject\",\"inLanguage\":\"de\",\"@id\":\"https:\/\/www.phase-6.de\/help\/#\/schema\/logo\/image\/\",\"url\":\"https:\/\/www.phase-6.de\/help\/wp-content\/uploads\/2015\/04\/p6_logo.png\",\"contentUrl\":\"https:\/\/www.phase-6.de\/help\/wp-content\/uploads\/2015\/04\/p6_logo.png\",\"width\":480,\"height\":194,\"caption\":\"phase-6 GmbH\"},\"image\":{\"@id\":\"https:\/\/www.phase-6.de\/help\/#\/schema\/logo\/image\/\"},\"sameAs\":[\"https:\/\/www.facebook.com\/phase6.de\/\"]}]}<\/script>\n<!-- \/ Yoast SEO plugin. -->","yoast_head_json":{"title":"phase6 Help Center","robots":{"index":"index","follow":"follow","max-snippet":"max-snippet:-1","max-image-preview":"max-image-preview:large","max-video-preview":"max-video-preview:-1"},"canonical":"https:\/\/www.phase-6.de\/help\/knowledge-base\/recht-auf-einschraenkung-der-verarbeitung\/","og_locale":"de_DE","og_type":"article","og_title":"phase6 Help Center","og_description":"Recht auf Einschr\u00e4nkung der Verarbeitung Du hast das Recht, deine personenbezogenen Daten sperren zu lassen und damit die Nutzung einzuschr\u00e4nken. Bitte beachte, dass danach weder ein Login, noch eine Nutzung der Apps m\u00f6glich ist. Wenn du dies in Anspruch nehmen m\u00f6chtest, verwende bitte das nachfolgende Formular.","og_url":"https:\/\/www.phase-6.de\/help\/knowledge-base\/recht-auf-einschraenkung-der-verarbeitung\/","og_site_name":"phase6 Help Center","article_publisher":"https:\/\/www.facebook.com\/phase6.de\/","article_modified_time":"2023-01-09T05:41:11+00:00","twitter_card":"summary_large_image","twitter_misc":{"Gesch\u00e4tzte Lesezeit":"1\u00a0Minute"},"schema":{"@context":"https:\/\/schema.org","@graph":[{"@type":"WebPage","@id":"https:\/\/www.phase-6.de\/help\/knowledge-base\/recht-auf-einschraenkung-der-verarbeitung\/","url":"https:\/\/www.phase-6.de\/help\/knowledge-base\/recht-auf-einschraenkung-der-verarbeitung\/","name":"phase6 Help Center","isPartOf":{"@id":"https:\/\/www.phase-6.de\/help\/#website"},"datePublished":"2018-06-21T12:30:12+00:00","dateModified":"2023-01-09T05:41:11+00:00","breadcrumb":{"@id":"https:\/\/www.phase-6.de\/help\/knowledge-base\/recht-auf-einschraenkung-der-verarbeitung\/#breadcrumb"},"inLanguage":"de","potentialAction":[{"@type":"ReadAction","target":["https:\/\/www.phase-6.de\/help\/knowledge-base\/recht-auf-einschraenkung-der-verarbeitung\/"]}]},{"@type":"BreadcrumbList","@id":"https:\/\/www.phase-6.de\/help\/knowledge-base\/recht-auf-einschraenkung-der-verarbeitung\/#breadcrumb","itemListElement":[{"@type":"ListItem","position":1,"name":"Home","item":"https:\/\/www.phase-6.de\/help\/"},{"@type":"ListItem","position":2,"name":"Recht auf Einschr\u00e4nkung der Verarbeitung"}]},{"@type":"WebSite","@id":"https:\/\/www.phase-6.de\/help\/#website","url":"https:\/\/www.phase-6.de\/help\/","name":"phase6 Help Center","description":"Help","publisher":{"@id":"https:\/\/www.phase-6.de\/help\/#organization"},"potentialAction":[{"@type":"SearchAction","target":{"@type":"EntryPoint","urlTemplate":"https:\/\/www.phase-6.de\/help\/?s={search_term_string}"},"query-input":{"@type":"PropertyValueSpecification","valueRequired":true,"valueName":"search_term_string"}}],"inLanguage":"de"},{"@type":"Organization","@id":"https:\/\/www.phase-6.de\/help\/#organization","name":"phase-6 GmbH","url":"https:\/\/www.phase-6.de\/help\/","logo":{"@type":"ImageObject","inLanguage":"de","@id":"https:\/\/www.phase-6.de\/help\/#\/schema\/logo\/image\/","url":"https:\/\/www.phase-6.de\/help\/wp-content\/uploads\/2015\/04\/p6_logo.png","contentUrl":"https:\/\/www.phase-6.de\/help\/wp-content\/uploads\/2015\/04\/p6_logo.png","width":480,"height":194,"caption":"phase-6 GmbH"},"image":{"@id":"https:\/\/www.phase-6.de\/help\/#\/schema\/logo\/image\/"},"sameAs":["https:\/\/www.facebook.com\/phase6.de\/"]}]}},"_links":{"self":[{"href":"https:\/\/www.phase-6.de\/help\/wp-json\/wp\/v2\/ht-kb\/2472","targetHints":{"allow":["GET"]}}],"collection":[{"href":"https:\/\/www.phase-6.de\/help\/wp-json\/wp\/v2\/ht-kb"}],"about":[{"href":"https:\/\/www.phase-6.de\/help\/wp-json\/wp\/v2\/types\/ht_kb"}],"author":[{"embeddable":true,"href":"https:\/\/www.phase-6.de\/help\/wp-json\/wp\/v2\/users\/1"}],"replies":[{"embeddable":true,"href":"https:\/\/www.phase-6.de\/help\/wp-json\/wp\/v2\/comments?post=2472"}],"version-history":[{"count":3,"href":"https:\/\/www.phase-6.de\/help\/wp-json\/wp\/v2\/ht-kb\/2472\/revisions"}],"predecessor-version":[{"id":16512,"href":"https:\/\/www.phase-6.de\/help\/wp-json\/wp\/v2\/ht-kb\/2472\/revisions\/16512"}],"wp:attachment":[{"href":"https:\/\/www.phase-6.de\/help\/wp-json\/wp\/v2\/media?parent=2472"}],"wp:term":[{"taxonomy":"ht_kb_category","embeddable":true,"href":"https:\/\/www.phase-6.de\/help\/wp-json\/wp\/v2\/ht-kb-category?post=2472"},{"taxonomy":"ht_kb_tag","embeddable":true,"href":"https:\/\/www.phase-6.de\/help\/wp-json\/wp\/v2\/ht-kb-tag?post=2472"}],"curies":[{"name":"wp","href":"https:\/\/api.w.org\/{rel}","templated":true}]}}

Recht auf Einschränkung der Verarbeitung

<h2 class="wp-block-heading">Recht auf Einschränkung der Verarbeitung</h2>



<p>Du hast das Recht, deine personenbezogenen Daten sperren zu lassen und damit die Nutzung einzuschränken.<br>
Bitte beachte, dass danach weder ein Login, noch eine Nutzung der Apps möglich ist.<br>
Wenn du dies in Anspruch nehmen möchtest, verwende bitte das nachfolgende <a href="https://www.phase-6.de/classic/datenschutz/recht-auf-einschrankung-der-verarbeitung/">Formular</a>.</p>

<p>Recht auf Einschränkung der Verarbeitung Du hast das Recht, deine personenbezogenen Daten sperren zu lassen und damit die Nutzung einzuschränken. Bitte beachte, dass danach weder ein Login, noch eine Nutzung der Apps möglich ist. Wenn du dies in Anspruch nehmen möchtest, verwende bitte das nachfolgende Formular.</p>

<!-- This site is optimized with the Yoast SEO plugin v26.9 - https://yoast.com/product/yoast-seo-wordpress/ -->
<title>phase6 Help Center</title>
<meta name="robots" content="index, follow, max-snippet:-1, max-image-preview:large, max-video-preview:-1" />
<link rel="canonical" href="https://www.phase-6.de/help/knowledge-base/recht-auf-einschraenkung-der-verarbeitung/" />
<meta property="og:locale" content="de_DE" />
<meta property="og:type" content="article" />
<meta property="og:title" content="phase6 Help Center" />
<meta property="og:description" content="Recht auf Einschränkung der Verarbeitung Du hast das Recht, deine personenbezogenen Daten sperren zu lassen und damit die Nutzung einzuschränken. Bitte beachte, dass danach weder ein Login, noch eine Nutzung der Apps möglich ist. Wenn du dies in Anspruch nehmen möchtest, verwende bitte das nachfolgende Formular." />
<meta property="og:url" content="https://www.phase-6.de/help/knowledge-base/recht-auf-einschraenkung-der-verarbeitung/" />
<meta property="og:site_name" content="phase6 Help Center" />
<meta property="article:publisher" content="https://www.facebook.com/phase6.de/" />
<meta property="article:modified_time" content="2023-01-09T05:41:11+00:00" />
<meta name="twitter:card" content="summary_large_image" />
<meta name="twitter:label1" content="Geschätzte Lesezeit" />
	<meta name="twitter:data1" content="1 Minute" />
<script type="application/ld+json" class="yoast-schema-graph">{"@context":"https://schema.org","@graph":[{"@type":"WebPage","@id":"https://www.phase-6.de/help/knowledge-base/recht-auf-einschraenkung-der-verarbeitung/","url":"https://www.phase-6.de/help/knowledge-base/recht-auf-einschraenkung-der-verarbeitung/","name":"phase6 Help Center","isPartOf":{"@id":"https://www.phase-6.de/help/#website"},"datePublished":"2018-06-21T12:30:12+00:00","dateModified":"2023-01-09T05:41:11+00:00","breadcrumb":{"@id":"https://www.phase-6.de/help/knowledge-base/recht-auf-einschraenkung-der-verarbeitung/#breadcrumb"},"inLanguage":"de","potentialAction":[{"@type":"ReadAction","target":["https://www.phase-6.de/help/knowledge-base/recht-auf-einschraenkung-der-verarbeitung/"]}]},{"@type":"BreadcrumbList","@id":"https://www.phase-6.de/help/knowledge-base/recht-auf-einschraenkung-der-verarbeitung/#breadcrumb","itemListElement":[{"@type":"ListItem","position":1,"name":"Home","item":"https://www.phase-6.de/help/"},{"@type":"ListItem","position":2,"name":"Recht auf Einschränkung der Verarbeitung"}]},{"@type":"WebSite","@id":"https://www.phase-6.de/help/#website","url":"https://www.phase-6.de/help/","name":"phase6 Help Center","description":"Help","publisher":{"@id":"https://www.phase-6.de/help/#organization"},"potentialAction":[{"@type":"SearchAction","target":{"@type":"EntryPoint","urlTemplate":"https://www.phase-6.de/help/?s={search_term_string}"},"query-input":{"@type":"PropertyValueSpecification","valueRequired":true,"valueName":"search_term_string"}}],"inLanguage":"de"},{"@type":"Organization","@id":"https://www.phase-6.de/help/#organization","name":"phase-6 GmbH","url":"https://www.phase-6.de/help/","logo":{"@type":"ImageObject","inLanguage":"de","@id":"https://www.phase-6.de/help/#/schema/logo/image/","url":"https://www.phase-6.de/help/wp-content/uploads/2015/04/p6_logo.png","contentUrl":"https://www.phase-6.de/help/wp-content/uploads/2015/04/p6_logo.png","width":480,"height":194,"caption":"phase-6 GmbH"},"image":{"@id":"https://www.phase-6.de/help/#/schema/logo/image/"},"sameAs":["https://www.facebook.com/phase6.de/"]}]}</script>
<!-- / Yoast SEO plugin. -->

Recht auf Einschränkung der Verarbeitung Du hast das Recht, deine personenbezogenen Daten sperren zu lassen und damit die Nutzung einzuschränken. Bitte beachte, dass danach weder ein Login, noch eine Nutzung der Apps möglich ist. Wenn du dies in Anspruch nehmen möchtest, verwende bitte das nachfolgende Formular.
